{"id":23723,"date":"2022-02-28T20:29:56","date_gmt":"2022-02-28T20:29:56","guid":{"rendered":"https:\/\/tiendareconverpack.com\/?post_type=product&#038;p=23723"},"modified":"2025-06-25T20:02:12","modified_gmt":"2025-06-25T20:02:12","slug":"corazon-mama-5pzs","status":"publish","type":"product","link":"https:\/\/tiendareconverpack.com\/index.php\/product\/corazon-mama-5pzs\/","title":{"rendered":"Coraz\u00f3n Mam\u00e1 (5pzs)"},"content":{"rendered":"","protected":false},"excerpt":{"rendered":"<h1>Coraz\u00f3n Mam\u00e1<\/h1>\n<h3><strong>Presentaci\u00f3n: 5pzs<\/strong><\/h3>\n<p>Cake topper de Material grado alimenticio, 100% reciclable, no transfiere olores ni sabores, repela agua y grasa, refrigerable.<\/p>\n<p><strong>Medida: 9.5&#215;12.5cm<\/strong><\/p>\n<p><strong>Colores: Blanco, Negro, Oro y Cromo <\/strong><\/p>\n","protected":false},"featured_media":23797,"template":"","meta":[],"product_brand":[],"product_cat":[684],"product_tag":[],"class_list":{"0":"post-23723","1":"product","2":"type-product","3":"status-publish","4":"has-post-thumbnail","6":"product_cat-toppers","8":"first","9":"instock","10":"taxable","11":"shipping-taxable","12":"purchasable","13":"product-type-variable"},"_links":{"self":[{"href":"https:\/\/tiendareconverpack.com\/index.php\/wp-json\/wp\/v2\/product\/23723","targetHints":{"allow":["GET"]}}],"collection":[{"href":"https:\/\/tiendareconverpack.com\/index.php\/wp-json\/wp\/v2\/product"}],"about":[{"href":"https:\/\/tiendareconverpack.com\/index.php\/wp-json\/wp\/v2\/types\/product"}],"wp:featuredmedia":[{"embeddable":true,"href":"https:\/\/tiendareconverpack.com\/index.php\/wp-json\/wp\/v2\/media\/23797"}],"wp:attachment":[{"href":"https:\/\/tiendareconverpack.com\/index.php\/wp-json\/wp\/v2\/media?parent=23723"}],"wp:term":[{"taxonomy":"product_brand","embeddable":true,"href":"https:\/\/tiendareconverpack.com\/index.php\/wp-json\/wp\/v2\/product_brand?post=23723"},{"taxonomy":"product_cat","embeddable":true,"href":"https:\/\/tiendareconverpack.com\/index.php\/wp-json\/wp\/v2\/product_cat?post=23723"},{"taxonomy":"product_tag","embeddable":true,"href":"https:\/\/tiendareconverpack.com\/index.php\/wp-json\/wp\/v2\/product_tag?post=23723"}],"curies":[{"name":"wp","href":"https:\/\/api.w.org\/{rel}","templated":true}]}}